2419. Calculate m(-295).
-1
Let i(x) = 6*x**3 - 6*x**2 + 108*x - 205. Determine i(2).
35
Let p(j) = 2*j**2 + 91282*j + 3283558. Determine p(-36).
-2
Let j(f) = -3270*f + 346604. Determine j(106).
-16
Let m(f) = -7959*f - 7979. Give m(-1).
-20
Let s(q) = 76246*q**2 + 2287380*q - 5. Calculate s(-30).
-5
Let z(p) = -598*p + 19266. Give z(32).
130
Let p(r) = -2415*r - 57922. Give p(-24).
38
Let k(v) = -373*v - 356. Calculate k(6).
-2594
Let r(m) = -210*m - 847. Calculate r(-6).
413
Let i(g) = 1268*g - 187662. Give i(148).
2
Let w(o) = 2*o**2 + 500*o - 505377. What is w(393)?
21
Let l(q) = -5*q**3 - 74*q**2 - 30*q + 44. Calculate l(-11).
-1925
Let n(t) = -2*t**3 - 1348*t**2 + 58627*t - 2103. Determine n(-715).
42
Let i(d) = -5840*d + 2692230. Calculate i(461).
-10
Let w(o) = 10*o**2 - 178*o - 7585. What is w(-20)?
-25
Let d(z) = -306*z + 15284. What is d(50)?
-16
Let u(g) = -6*g**2 - 211*g - 2225. Determine u(-12).
-557
Let d(f) = -5*f**2 - 126*f - 497. Calculate d(-4).
-73
Let u(v) = -v**2 + 155*v - 4772. Give u(36).
-488
Let h(n) = -16*n**3 + 16*n**2 - 1113*n - 1130. Give h(-1).
15
Let b(r) = -1060*r**2 - 29*r - 29. What is b(-1)?
-1060
Let l(o) = -13*o**2 - 1569*o - 9409. Determine l(-6).
-463
Let d(z) = z**3 - 33*z**2 + 21*z - 636. Calculate d(32).
-988
Let k(y) = 2179325*y - 13075947. Calculate k(6).
3
Let g(i) = i**3 + 7*i**2 - 787132*i - 6296998. Calculate g(-8).
-6
Let g(p) = p**3 - 39*p**2 + 317*p + 12. Determine g(28).
264
Let y(u) = 160*u + 4650. Give y(-31).
-310
Let o(z) = -z**3 + 8*z**2 + 4*z + 131. Determine o(10).
-29
Let a(b) = 56*b**2 - 8046*b - 154. Give a(144).
2438
Let x(o) = 2*o**3 + 289*o**2 + 530*o + 14440. Give x(-143).
-3
Let t(l) = -123*l + 7323. Calculate t(68).
-1041
Let o(v) = -518*v + 5824. Determine o(11).
126
Let s(t) = 2*t**2 - 72*t - 786. Give s(-10).
134
Let y(s) = 179307*s + 1613756. Give y(-9).
-7
Let d(g) = g**2 - 24954*g - 4372248. What is d(-174)?
24
Let i(t) = -54*t**3 + 81*t**2 - 24*t + 13. Give i(3).
-788
Let y(v) = v**2 + 981*v - 35194. Calculate y(35).
366
Let k(q) = -2*q**2 + 57*q - 357. Determine k(15).
48
Let r(n) = 827*n + 31627. Determine r(-38).
201
Let b(m) = -3598*m - 79117. Give b(-22).
39
Let g(q) = -q**3 - 104*q**2 - 1258*q - 48. Give g(-90).
-228
Let l(k) = -k**2 + 100*k - 1688. Determine l(22).
28
Let v(y) = 20102*y**2 + 221119*y - 15. What is v(-11)?
18
Let z(i) = 20*i**2 - 40*i + 216. Give z(-6).
1176
Let s(b) = 234*b**2 + 1680*b + 299. Calculate s(-7).
5
Let k(x) = 2*x**2 - 8700*x - 34740. Calculate k(-4).
92
Let v(r) = 25753*r - 2420779. Calculate v(94).
3
Let z(b) = b**3 - 885*b**2 + 732*b + 134381. Give z(884).
13
Let r(o) = 4*o**2 + 738*o + 30700. Give r(-121).
-34
Let b(w) = -894*w - 16953. Determine b(-18).
-861
Let t(v) = -690215*v + 61429142. Give t(89).
7
Let x(b) = 12*b**2 + 69*b + 525. Determine x(-7).
630
Let f(r) = -24*r**2 - 1477*r - 60. What is f(-60)?
2160
Let w(p) = -761*p + 17644. What is w(23)?
141
Let h(p) = 706*p**3 + 610*p**2 - 2. What is h(-1)?
-98
Let c(g) = 11*g**2 + 160*g - 2501. What is c(-24)?
-5
Let t(a) = -542*a - 137716. Calculate t(-254).
-48
Let r(y) = -128*y**2 - 2959*y + 11. Give r(-23).
356
Let i(x) = -342399*x - 3081496. Calculate i(-9).
95
Let i(o) = -o**2 + 7*o + 1094. Give i(-22).
456
Let w(k) = 2*k**3 - 967*k**2 + 506*k - 11103. Give w(483).
6
Let z(l) = 3*l**3 - 831*l - 6863. Calculate z(-8).
-1751
Let d(c) = c**3 + 2*c**2 - 408*c + 1235. What is d(3)?
56
Let b(q) = -297929*q - 2681349. Calculate b(-9).
12
Let r(i) = 47*i**2 - 6494*i + 19503. Determine r(3).
444
Let i(z) = 42222*z - 548898. What is i(13)?
-12
Let n(b) = -2*b**2 - 911*b + 35397. Calculate n(36).
9
Let g(u) = 3*u**2 + 15883*u + 269135. Determine g(-17).
-9
Let b(k) = 2*k**2 + 634*k + 2556. Determine b(-4).
52
Let p(k) = 3*k**2 - 600*k + 6801. What is p(12)?
33
Let x(t) = -891651*t + 11591458. Give x(13).
-5
Let l(q) = 19*q**3 + 340*q**2 - 37*q - 45. What is l(-18)?
-27
Let p(i) = -3695*i - 166237. Give p(-45).
38
Let x(j) = j**2 + 395*j - 134266. Give x(219).
200
Let j(t) = -2*t**3 - 36*t**2 + 3555*t - 10305. Give j(3).
-18
Let g(r) = 2*r**2 + 3878*r - 260516. Determine g(65).
4
Let x(t) = t**3 - 32*t**2 - 199*t + 3193. Give x(35).
-97
Let h(b) = 10*b**3 - 216*b**2 + 128*b - 18. What is h(21)?
24
Let h(r) = 2*r**3 - 54*r**2 + 371*r - 310. Determine h(10).
0
Let l(r) = 873*r - 755187. Calculate l(865).
-42
Let a(x) = -1150*x - 41896. Give a(-36).
-496
Let d(j) = -17*j - 348. Determine d(-16).
-76
Let s(z) = -2*z**2 - 6085*z + 97869. Calculate s(16).
-3
Let w(u) = u**3 - 74*u**2 - 242*u + 32279. What is w(71)?
-26
Let m(r) = 1011*r + 46454. Calculate m(-46).
-52
Let x(l) = 4*l**3 + 4*l**2 - 1475*l - 4396. Calculate x(-3).
-43
Let h(l) = -2*l**3 + 67*l**2 - 92*l - 186. What is h(32)?
-58
Let a(c) = -c**2 - 63*c + 1573. What is a(-82)?
15
Let k(t) = -49*t**2 + 3037*t + 3033. What is k(-1)?
-53
Let p(i) = -5131*i + 610584. Give p(119).
-5
Let x(j) = j**2 - 7589*j + 815311. Determine x(109).
-9
Let d(k) = 20*k**2 + 3*k + 455. Calculate d(-7).
1414
Let r(c) = -9*c**2 + 8420*c - 58501. Give r(7).
-2
Let a(i) = 67*i - 115. Determine a(-7).
-584
Let p(y) = -3*y**3 - 92*y**2 + 25*y + 189. What is p(-31)?
375
Let c(a) = 25362*a - 1217391. Determine c(48).
-15
Let g(k) = -k**3 - 58*k**2 + 2113*k - 182. Calculate g(-83).
-3336
Let c(q) = -4*q**3 + 877*q**2 - 212*q - 1357. What is c(219)?
176
Let j(a) = 2*a**2 + 300*a - 18037. Calculate j(46).
-5
Let l(j) = -11*j**2 - 166*j - 546. Determine l(-12).
-138
Let j(u) = -u**3 + 17040*u**2 - 51143*u. Calculate j(3).
-96
Let j(a) = 9786*a + 234887. What is j(-24)?
23
Let n(l) = -l**2 + 1172*l - 374. Calculate n(0).
-374
Let z(n) = n**2 - 609*n - 336871. Determine z(-351).
89
Let a(g) = -6*g**2 - 2657*g - 23433. What is a(-9)?
-6
Let d(f) = 162*f + 7088. Give d(-43).
122
Let d(p) = 5*p**3 - 1432*p**2 - 4342*p - 8. Determine d(-3).
-5
Let n(u) = 4*u**2 - 146*u + 2289. What is n(29)?
1419
Let f(a) = -9227*a - 775068. Give f(-84).
0
Let y(a) = -4*a**2 + 188*a + 116. What is y(47)?
116
Let a(n) = -24901*n - 199364. What is a(-8)?
-156
Let z(g) = 41030*g + 41051. What is z(-1)?
21
Let p(b) = 17*b**2 + 43431*b + 216716. Calculate p(-5).
-14
Let l(q) = -12*q**2 - 169*q + 503. Give l(3).
-112
Let f(a) = 43783*a**2 - 481617*a + 40. What is f(11)?
-4
Let z(w) = -w**3 - 91*w**2 - 68*w + 1764. Calculate z(-90).
-216
Let i(u) = 3*u**2 + 614*u - 4430. Calculate i(7).
15
Let v(x) = 4868*x - 88000. What is v(18)?
-376
Let m(j) = j**3 + 294*j**2 - 908*j - 5029. Determine m(-297).
20
Let n(l) = 2*l**3 - 159*l**2 - 365*l + 9888. Calculate n(81).
6
Let a(v) = -2*v**2 - 201*v - 4262. Calculate a(-36).
382
Let d(h) = -4*h**2 - 71*h + 1367. Calculate d(9).
404
Let b(k) = -2*k**2 - 23*k + 455. Determine b(-23).
-74
Let l(h) = 2808*h + 78617. What is l(-28)?
-7
Let w(j) = j**2 + 812*j - 13298. What is w(16)?
-50
Let m(f) = -f**3 + 122*f**2 + 360*f - 14451. Determine m(124).
-563
Let i(g) = 3*g**3 - 165*g**2 + 2521*g - 14723. What is i(35)?
12
Let n(i) = -i**2 + 33641*i - 504327. Give n(15).
63
Let n(j) = -3*j**3 - 29*j**2 + 1745*j + 8747. Give n(-5).
-328
Let q(i) = 2431*i + 364668. Give q(-150).
18
Let a(t) = 631*t + 6694. What is a(-10)?
384
Let n(l) = 22631*l + 814699. Determine n(-36).
-17
Let m(a) = -13*a**2 - 2978*a + 11901. What is m(4)?
-219
Let v(s) = -99*s**2 - 3592*s - 17911. Determine v(-5).
-2426
Let w(v) = -23079*v + 4754278. Calculate w(206).
4
Let k(l) = -2622*l + 26080. What is k(10)?
-140
Let y(m) = -2567*m - 28885. Calculate y(-11).
-648
Let s(f) = 5*f**2 + 444*f + 3005. Calculate s(-82).
217
Let x(c) = 36*c**2 + 71*c - 168. What is x(2)?
118
Let g(t) = 3784*t + 7560. What is g(-2)?
-8
Let g(w) = -68*w - 5248. Give g(-74).
-216
Let j(m) = 176056*m - 1584510. What is j(9)?
-6
Let u(y) = 4905*y - 627915. Calculate u(128).
-75
Let d(o) = 2*o**3 + 146*o**2 - 3279*o - 12. What is d(18)?
-66
Let k(q) = -31824*q - 859292. Give k(-27).
-44
Let z(r) = r**3 - 80*r**2 - r - 5343. What is z(0)?
-5343
Let z(y) = 11*y**2 - 4203*y + 72066. Give z(18).
-24
Let b(z) = -2*z**3 + 35*z**2 - 132*z - 108. Give b(15).
-963
Let a(c) = c**3 + 10*c**2 - 278*c - 2194. Calculate a(-8).
158
Let w(u) = -586*u + 142361. Give w(243).
-37
Let u(o) = 1633*o**2 + 181267*o + 481. Determine u